ime factors of r?
2, 5
Suppose 1 - 13 = -4*c. Suppose 51 = c*h - 2*h. Suppose -13 = -4*q + h. List the prime factors of q.
2
Let i be 1/(-4) + 139/(-4). What are the prime factors of i/(-7) - (-3 + 3)?
5
Suppose -4*x + 2229 = -5*l, l - 1664 = -3*x - 3*l. List the prime factors of x.
2, 139
Let s be 8/(-48) + (-13)/(-6). Suppose -4*i + 5*i = -5*y + 305, -s*y + 119 = i. What are the prime factors of y?
2, 31
Let s be ((-1)/3)/((-5)/6)*2495. Suppose -s = -5*c - 358. What are the prime factors of c?
2
Let b(c) = c**2 - 12*c - 5. Let f be 24/36 - (-1)/3. Let a be 135/10 + f/(-2). What are the prime factors of b(a)?
2
Let a(m) = 9*m - 15. Let q be a(3). Let t(r) = r**2 - 4*r + 14. What are the prime factors of t(q)?
2, 5, 11
Let d = 32 - 31. Let l = 31 - d. What are the prime factors of l?
2, 3, 5
Let b = -139 - -1011. List the prime factors of b.
2, 109
Suppose -3*w + 16666 = 5*v, -3*v = -8*w + 11*w - 10002. What are the prime factors of v?
2, 7, 17
Let g = 9003 - 3662. What are the prime factors of g?
7, 109
Let a = 362 + -347. List the prime factors of a.
3, 5
Let b be -1 - (-790)/12 - (-1)/6. Suppose d = 10 + b. What are the prime factors of d?
3, 5
Let s(h) = -2*h**2 + 4*h + 3. Let z be s(-3). Let t = 32 + z. Let a = t - -10. List the prime factors of a.
3, 5
Let n(y) = 19*y - 2. Let b be n(-2). Let c = b - -44. What are the prime factors of 38 - (c + 3 + -10)?
41
Suppose 69 = 6*s - 87. List the prime factors of s.
2, 13
Let h(w) = -17*w + 2. Let p be h(-15). Suppose -3*t + p = -4*v, -2*t = 3*t + v - 390. What are the prime factors of t?
79
Suppose -c + 5 = 2*r, 2 = 5*c + 2*r - 7. What are the prime factors of (5 - c) + (-312)/(-8)?
43
Suppose 3*o + 10 = 2*t, 4*o = -2*t - 0*o - 4. Suppose 4*j + 0 = -4*z + 4, 4*j - 4 = -t*z. Suppose z = -4*q + 3 + 9. What are the prime factors of q?
3
Suppose -20 = -5*k, 114 = m + m - 5*k. Suppose b + b = -6, m = d + 3*b. List the prime factors of d.
2, 19
Let j be 7 - 6*2/4. Let s be 172/j + (-3)/(-1). Let a = s - 31. List the prime factors of a.
3, 5
Suppose 0 = 15*k - 1830 - 1965. List the prime factors of k.
11, 23
Let y = -1072 + 1814. What are the prime factors of y?
2, 7, 53
Let o(z) = -5*z - 17. Let i be o(-4). What are the prime factors of (-14)/(-21) - ((-172)/i + 1)?
3, 19
Suppose 45 = 5*u + 5. Suppose -31 = u*o - 511. List the prime factors of o.
2, 3, 5
Suppose -3*f - 13 + 28 = 0, -o = 4*f - 3572. List the prime factors of o.
2, 3, 37
Let l be 0/((5 + -3)/(-2)). Suppose l*i + 2*i = 0. Suppose -d + 4*d - 51 = i. What are the prime factors of d?
17
Let d = -35 + 38. Suppose -d*m = -0*m. List the prime factors of 78 - (0 + m + 4).
2, 37
Let l(g) = 5*g**3 - 4*g**2 - 4*g - 6. Let k be l(-3). List the prime factors of ((-24)/10)/((-159)/k + -1).
2, 3, 11
Let h(l) = -32*l + 68. List the prime factors of h(-15).
2, 137
Let d be (2/(-4))/((-3)/(-2) - 1). What are the prime factors of -3*3/9 + (-73)/d?
2, 3
Let l = 409 - 15. List the prime factors of l.
2, 197
List the prime factors of (-3 - 5) + 9 + 1036.
17, 61
What are the prime factors of -6 - ((-5)/1*1 - 1563)?
2, 11, 71
Let m = -62 - 161. Let b = -136 - m. Suppose 0 = -5*t + b + 63. List the prime factors of t.
2, 3, 5
Let v = 5919 - 3877. What are the prime factors of v?
2, 1021
Let r be 0*(0 - (-1)/2). Suppose 5*n = -4*g + 15, 4*n + g - 8 = 4. Suppose r = -m + n*m - 16. What are the prime factors of m?
2
Suppose -a = 5*i + 118, 28 = -3*i + 2*i + 2*a. List the prime factors of ((-3)/4 - 2994/i) + 3.
127
Let h = -228 - -326. What are the prime factors of h?
2, 7
Let c = -24 - -28. Suppose -4*i = 4*f - 352, -c*f = -2*i - 549 + 215. What are the prime factors of f?
5, 17
Suppose -46 = 5*o + 14. Let t = o - -12. Suppose p - 27 = -t*p. List the prime factors of p.
3
Let v(h) = -7 + h**3 - 7*h - 5*h**2 + 3 + 3*h**2. What are the prime factors of v(6)?
2, 7
Suppose z - 984 = -3*q, -5*z + 4029 = 3*q - 927. List the prime factors of z.
3, 331
Let o = 383 + -234. List the prime factors of o.
149
Let k be (-10)/(-12) - (-5)/30. Let v(j) = j**2 + j + 1. Let l be v(3). Let n = k + l. List the prime factors of n.
2, 7
Let g(h) = 2*h + 8. Let z be g(6). Suppose -5*f - 4*d + 72 = 7, -z = -4*d. Let a = 7 + f. List the prime factors of a.
2
Let h(a) = 2*a**2 + 2 - 26*a + 10*a + 0. Let o be (-14)/(-7) + (-28)/(-4). List the prime factors of h(o).
2, 5
Suppose 6 = -3*s + 21. Suppose 0 = -d + 1, 4*r + d = s*d + 296. List the prime factors of r.
3, 5
Let r = 37 + -39. What are the prime factors of 150*(r + 0)/(-4)?
3, 5
Let u(z) = -81*z - 78. List the prime factors of u(-16).
2, 3, 7, 29
Let h(x) = 126*x - 51. Let a(c) be the first derivative of 5*c**2/2 - 2*c + 5. Let u(l) = 153*a(l) - 6*h(l). What are the prime factors of u(2)?
2, 3
Suppose 99 = -4*o - 9. Let m = -23 - o. What are the prime factors of m/(6 - 2) + 43?
2, 11
Suppose -3*k + 0*k = -2*g - 9, 12 = 4*g. Let n = 26 - k. List the prime factors of n.
3, 7
Let u be (146/(-1))/(5/(-90)). Let t be (2/3)/(12/u). List the prime factors of t/10 + (-8)/(-20).
3, 5
Suppose 4*n = 4 - 24. List the prime factors of (3/(-2))/(0 + n/250).
3, 5
Let t(s) = -9*s + 6. Let h be t(-7). Suppose 0*p = -p + h. What are the prime factors of p?
3, 23
Let i = 22 + -23. Let z be i/(-8) - (-31)/8. Let l(c) = 2*c**2 + c + 4. List the prime factors of l(z).
2, 5
Let n(j) = -3*j**2 + j. Let v be 3 - (-3 + (0 - -7)). Let m(p) = p**2. Let u(d) = v*m(d) - n(d). What are the prime factors of u(-1)?
3
Let n = -40 - -22. Suppose 2*l = i + 41, -5*i = -2*l - 6*i + 31. What are the prime factors of 165/l + 3/n?
3
Suppose 1282 = 2*b - 2*l, 3*b - 2349 + 422 = -l. Suppose 3*x - b = -213. List the prime factors of x.
11, 13
Let z(t) = -3*t. Suppose -2*b - 1 = -3*b. Let q be b/(-4)*(-76)/(-19). List the prime factors of z(q).
3
Suppose -222 = -5*z + 8. Suppose -15*p = -79 + 439. Let d = p + z. List the prime factors of d.
2, 11
Let d be 1/3 + 1508/12. Suppose 0 = -4*q - 2*l + d, -l + 44 = q + 2*l. List the prime factors of q.
29
Let v(q) = 2*q**2 - 45*q - 15. Let a be v(24). Let k = 2 - -1. Suppose -9 = -k*f + a. List the prime factors of f.
2, 11
Suppose 927 = 2*o - 3*l, -9*o + 5*o + 2*l + 1858 = 0. List the prime factors of o.
3, 5, 31
Let v(y) = -4*y**3 - 4*y**2 - y**2 + 119*y + 0*y**2 - 7 - 118*y. What are the prime factors of v(-4)?
3, 5, 11
Let h = 38 + 102. Suppose -296 = -4*v + h. What are the prime factors of v?
109
Let l(z) = -15*z + 73. Let n be l(5). Let k(p) = 11*p + 1. Let t(b) = -10*b. Let a(y) = -3*k(y) - 2*t(y). What are the prime factors of a(n)?
23
Suppose -2*k = 3*g - 4*k - 714, -2*g = -4*k - 476. What are the prime factors of g?
2, 7, 17
Let b(t) = -41*t - 454. List the prime factors of b(-60).
2, 17, 59
What are the prime factors of (-2314)/(-4) - (6 - 4)/(-4)?
3, 193
Suppose -77 = -4*c + 3*c. Suppose 2*o + 9*o = c. What are the prime factors of o?
7
Let z be (-4)/14 - 1043/(-49). Let b = -19 + z. Suppose 0 = -5*s + 10, -u + 11 = -b*s - 7. List the prime factors of u.
2, 11
Suppose 3 + 15 = 4*w - 3*r, r + 10 = 2*w. Suppose 5*a = w*a. Suppose -5*m + 6 + 42 = 3*c, 2*c - 3*m - 51 = a. List the prime factors of c.
3, 7
Let y = 105 + 53. List the prime factors of y.
2, 79
Let x(j) = j**3 - 8*j**2 - 8*j - 3. Let b be x(9). Suppose b*m = 78 + 72. What are the prime factors of m?
5
Suppose 8 + 4 = y - r, 2*y - 5*r - 18 = 0. Let t(q) = 5*q - 39. List the prime factors of t(y).
31
Suppose 446 = -5*b + 2*j, j - 2 + 4 = 0. Let i = b - -222. List the prime factors of i.
2, 3, 11
Let q be (-3 + (-138)/(-42))/((-1)/(-7)). Suppose 0 = 2*b + 3*a - 134, -q*b = a - 3*a - 154. What are the prime factors of b?
73
Let k(x) = x**3 - 14*x**2 + 33*x - 10. What are the prime factors of k(12)?
2, 7
Let b(c) be the third derivative of -5*c**4/8 + c**3/2 + c**2. List the prime factors of b(-6).
3, 31
Suppose 3*o - 5*o + 6 = 0. Suppose -4*l - 35 = -o*x, -7*l + 3*l = 20. Suppose 0 = 4*f - 8, -x*f + 0*f + 115 = 3*h. List the prime factors of h.
5, 7
Suppose -5*c + c = -3*k + 9, 4*c = 2*k - 6. Suppose c = -2*m - 4 + 40. What are the prime factors of m?
2, 3
Suppose m - 9 = u + 4*m, -2*u - 3 = m. Let g(n) = 3. Let c(j) = -j + 21. Let w(s) = c(s) - 4*g(s). List the prime factors of w(u).
3
Let z = 421 - 153. Suppose -4*l - 10*p = -14*p - z, 5*l + 3*p = 295. List the